of 206145864 and 288.
72
Calculate the highest common divisor of 10084696 and 611.
47
What is the highest common divisor of 867 and 234313397?
289
Calculate the highest common divisor of 5928 and 63976952.
1976
Calculate the greatest common divisor of 6 and 1351302.
6
What is the highest common divisor of 32 and 331899616?
32
What is the highest common factor of 768 and 1288136448?
768
Calculate the highest common divisor of 22814000 and 64600.
3400
Calculate the greatest common factor of 8748 and 225384.
12
Calculate the greatest common divisor of 68450 and 64750.
1850
What is the highest common factor of 2292 and 172498976?
764
Calculate the highest common divisor of 13077260 and 490.
70
Calculate the greatest common divisor of 3177 and 90236331.
3177
Calculate the highest common factor of 79804 and 84.
4
What is the greatest common divisor of 380065 and 1565?
5
What is the greatest common factor of 21111323 and 172?
43
What is the greatest common factor of 29 and 994844072?
29
What is the greatest common factor of 48800 and 93050?
50
Calculate the highest common divisor of 232 and 1697978072.
232
Calculate the highest common factor of 1248 and 310625120.
416
What is the greatest common divisor of 413321238 and 153?
153
What is the greatest common factor of 506 and 59627546?
506
Calculate the greatest common factor of 80 and 1301640.
40
Calculate the highest common divisor of 18559861 and 303.
101
What is the highest common factor of 1573677 and 135?
9
What is the highest common divisor of 2381685 and 645?
15
What is the greatest common factor of 2473639 and 12419?
1129
Calculate the highest common divisor of 1440555 and 251943.
411
Calculate the greatest common factor of 392600 and 24050.
650
Calculate the greatest common divisor of 6810383 and 3.
1
What is the highest common divisor of 14647175 and 895288?
6583
What is the highest common divisor of 174756940 and 40?
20
Calculate the greatest common factor of 6923 and 5044889.
989
What is the greatest common divisor of 28058700 and 60?
60
What is the highest common divisor of 1938125564 and 562?
562
Calculate the greatest common divisor of 9924 and 18012887.
827
What is the greatest common divisor of 96236 and 6076?
196
What is the greatest common divisor of 527920 and 115?
5
Calculate the greatest common divisor of 5 and 130124825.
5
Calculate the highest common divisor of 4510 and 25184783.
41
Calculate the greatest common factor of 12133158 and 114918.
642
Calculate the highest common divisor of 37851 and 9189609.
1023
What is the highest common divisor of 202910 and 2091518?
206
What is the highest common factor of 94282 and 98668?
34
What is the greatest common divisor of 7990670 and 2510?
10
Calculate the highest common factor of 61728644 and 7322.
1046
What is the highest common divisor of 3525 and 126825?
75
Calculate the highest common divisor of 41 and 217592207.
41
What is the greatest common factor of 26418448 and 16?
16
What is the highest common factor of 168 and 438042584?
56
What is the highest common factor of 48118502 and 82?
82
Calculate the greatest common factor of 23299 and 2471720.
1013
Calculate the greatest common divisor of 24336585 and 1575.
315
What is the highest common divisor of 59 and 47540?
1
Calculate the greatest common factor of 94807 and 10184621.
839
Calculate the greatest common divisor of 241729 and 32763.
163
Calculate the greatest common factor of 229155853 and 553.
79
Calculate the highest common divisor of 171708826 and 18415.
3683
What is the greatest common factor of 43450652 and 2156?
196
What is the greatest common divisor of 910832 and 36946?
754
Calculate the highest common divisor of 1242 and 184575.
69
Calculate the greatest common factor of 46532825 and 40273.
1751
Calculate the greatest common divisor of 2967495 and 1629.
543
What is the highest common factor of 111435 and 10702130?
2185
What is the highest common divisor of 1649 and 1145764?
97
What is the greatest common divisor of 224 and 13909504?
224
What is the greatest common factor of 8 and 9312249?
1
What is the greatest common factor of 104043672 and 9?
9
Calculate the greatest common factor of 17409 and 51205672.
5803
Calculate the highest common factor of 495398 and 3752.
134
Calculate the greatest common divisor of 138 and 25354418.
46
What is the highest common divisor of 311873245 and 340?
85
What is the highest common factor of 128094 and 498528?
3462
What is the greatest common factor of 5811 and 935124?
447
Calculate the highest common factor of 891 and 2672010.
99
What is the highest common divisor of 141120 and 3461360?
3920
Calculate the greatest common divisor of 52416 and 246438.
18
What is the highest common divisor of 350928 and 122058?
18
Calculate the highest common factor of 15420244 and 4004.
28
Calculate the greatest common divisor of 18 and 14016348.
18
Calculate the highest common factor of 778713974 and 38.
38
Calculate the greatest common factor of 14602796 and 7072.
884
What is the highest common divisor of 2442027 and 105?
21
What is the highest common divisor of 508 and 225344?
4
What is the highest common divisor of 291115 and 5652845?
4345
What is the greatest common factor of 3886896 and 27?
3
What is the greatest common factor of 24268977 and 14?
1
What is the highest common divisor of 39955 and 599980?
655
What is the highest common divisor of 30449337 and 107253?
2103
What is the highest common factor of 241151927 and 7538?
3769
What is the greatest common divisor of 59448065 and 170?
85
Calculate the greatest common divisor of 74664 and 20808.
1224
Calculate the greatest common factor of 42214704 and 504.
168
What is the greatest common factor of 180 and 66780900?
180
Calculate the highest common factor of 53932 and 170692.
556
Calculate the greatest common factor of 11685 and 557805.
615
Calculate the greatest common divisor of 79034 and 12478182.
1838
What is the highest common divisor of 88627 and 342998?
1151
What is the greatest common factor of 1071 and 8320032?
63
Calculate the highest common divisor of 14 and 334442.
2
What is the highest common factor of 677 and 63436931?
677
Calculate the highest common divisor of 745308 and 592353.
2781
What is the highest common factor of 291 and 20806500?
291
What is the greatest common divisor of 6566328 and 90?
18
What is the greatest common divisor of 8925666 and 8628?
4314
What is the highest common divisor of 37070 and 144650?
110
What is the greatest common divisor of 226010352 and 64?
16
What is the highest common divisor of 238 and 147736344?
14
Calculate the highest common factor of 609 and 12692169.
609
What is the highest common divisor of 568 and 2777077244?
284
Calculate the greatest common factor of 5052 and 6674113.
421
Calculate the highest common divisor of 4708 and 10922132.
428
What is the highest common factor of 1119398 and 737632?
518
What is the greatest common factor of 451 and 45793187?
451
Calculate the greatest common divisor of 194 and 2404921.
97
Calculate the highest common factor of 48070 and 17829163.
4807
Calculate the greatest common factor of 21808 and 44649154.
2726
Calculate the highest common factor of 8331207 and 87.
87
Calculate the highest common divisor of 967793676 and 6.
6
What is the highest common factor of 499674 and 1778?
14
Calculate the highest common divisor of 651 and 173026.
7
Calculate the greatest common divisor of 55 and 10354900.
5
What is the highest common factor of 80634 and 11110278?
906
Calculate the greatest common factor of 58347214 and 1178.
38
Calculate the greatest common factor of 11092 and 2834242.
118
What is the greatest common factor of 9559 and 4305026?
869
What is the greatest common factor of 41606666 and 189576?
5266
Calculate the highest common factor of 377 and 40600.
29
What is the highest common factor of 126175324 and 704?
44
Calculate the greatest common divisor of 11 and 1335554011.
11
Calculate the greatest common divisor of 1978 and 152674.
46
What is the greatest common divisor of 49327 and 6471057?
461
Calculate the greatest common factor of 168413 and 35623.
49
Calculate the highest common divisor of 1481676 and 815052.
2604
What is the greatest common factor of 10386 and 51580338?
3462
Calculate the greate